-3).
-13
Let n(v) = -5*v**2. Let x = -1 + 4. Suppose x*o + 7 = -2. Let g be 1/o - (-12)/(-18). Calculate n(g).
-5
Let r(n) be the first derivative of n**2/2 - 22. Give r(6).
6
Let j(i) be the second derivative of i**3/6 - 5*i**2/2 - 5*i. Let z = -10 + 14. What is j(z)?
-1
Let m(n) = -4*n - 1. Let l(v) = v**3 - 5*v**2 - v + 3. Let h be l(5). Let d be h/((-2)/3) - 1. What is m(d)?
-9
Let q be ((-4)/(-1))/(4 - 2). Let u be (0 - -1)*(q - 1). Let d(m) = -2*m**3 + m**2 - 2*m + 1. What is d(u)?
-2
Let s(u) = 49 - 49 + u + 12*u**2. Calculate s(-1).
11
Let v(m) = m - 6*m + 6*m. What is v(1)?
1
Let f(b) be the third derivative of -29*b**4/24 - b**3/6 - 39*b**2. Calculate f(-1).
28
Let r(p) = -3*p - 4. Let m be 2*(-21)/6 - -3. Give r(m).
8
Let g(u) = 1 - 3 + u + 4. What is g(7)?
9
Let w be 24/9 + (-2)/3. Let d(t) = 0 - w*t + 2 - t**2 - t. Let u(q) = -4*q**2 + q. Let v be u(-1). Determine d(v).
-8
Suppose 6*r = r + 25. Let i(t) = 1 + r*t - 5 + 1. Let u be (2/4)/(3/12). Give i(u).
7
Let p(j) = 4 - 2*j**2 + j**2 + 6*j**2 - j**3 - 7*j. Suppose 5*z = v - 19, -5*v + 4*z + 32 = -0*v. Calculate p(v).
-8
Let c(p) be the first derivative of p**4/4 - 5*p**3/3 - p**2/2 - p - 9. Determine c(5).
-6
Suppose 2*z = -2*z. Let k(p) = -30*p + 2 + 31*p + 0. What is k(z)?
2
Suppose -3*z - 6 + 0 = 0. Let a(o) = o**3 - 9*o**2 - 3*o - 4. Let u(q) = 4*q**2 + q + 2. Let l(p) = -2*a(p) - 5*u(p). Determine l(z).
4
Let a(z) = 5*z**2 - 2*z + 2. Let g(i) = -i + 1. Let u(p) = p**2 + 3*p - 3. Let k(m) = 4*g(m) + u(m). Let w(s) = -a(s) + 6*k(s). Give w(4).
4
Suppose 0*m - 9 = -2*m + a, 20 = -4*a. Suppose -5*r = -m*r - 30. Suppose -6*k = -k - r. Let t(c) = c**3 - 2*c**2. Calculate t(k).
0
Let k(h) = h**3 - 9*h**2 + 9*h - 8. Suppose -2*v + 0 = -16. Let w be k(v). Let u(i) = -i**2 + i - 2. What is u(w)?
-2
Let a(s) = -2*s**2 - 16*s + 40. Let v be a(-10). Let h(k) = k**3 - k**2 - k - 3. What is h(v)?
-3
Let l(r) be the first derivative of 2/3*r**3 - r - 1 + 1/4*r**4 - r**2. Let q(d) = -d**2 + 6*d - 3. Let v be q(6). Calculate l(v).
-4
Suppose 3*u = -5*a - 10, 4*u + 5 - 45 = 4*a. Let x(m) = -m + 1. Determine x(a).
6
Let y(p) be the first derivative of -1/3*p**3 + 3*p - 1/2*p**2 + 3. What is y(-3)?
-3
Let v(x) = -3*x + 3. Let p = -3 - -2. Let r be 4 - (p - -2) - 1. Determine v(r).
-3
Let u(a) = a**2 + 5*a. Suppose -3*w + 8 = -2*f, -3*w + f = 2*w - 11. Suppose -w*j - 14 = -4. What is u(j)?
0
Let w = -7 - -6. Let h = w - -4. Let y(f) be the second derivative of f**3/3 + f. Give y(h).
6
Let f(q) = -25*q**2 + 10*q - 3. Let k(x) = -17*x**2 + 7*x - 2. Suppose -2*s = -3*d + d + 8, -5*d = -4*s - 21. Let j(m) = d*f(m) - 7*k(m). Determine j(1).
-6
Suppose -3*n = 2*m + 1, -3*m = 2*m - n + 11. Let o = 2 - m. Let f(b) = b + 3. Give f(o).
7
Let j(k) = -k + 5. Suppose -3 - 13 = -2*l. Let n be 12/(-2*2/(-4)). Let s = l - n. Give j(s).
9
Let f = 8 + -6. Let a(y) = 4*y + 3*y - f*y. Let i be a(1). Let j(s) = -s**3 + 5*s**2 + 2. Determine j(i).
2
Let a(u) = u. Let y(s) = s**3 + 10*s**2 + s + 6. Let g be y(-10). Determine a(g).
-4
Let j(t) be the second derivative of -2*t + 0 + 1/12*t**4 - 1/6*t**3 - 3*t**2. Let m be -1 - (3 - 1 - 3). Determine j(m).
-6
Suppose -5*s + 5*u = -45, 3*u + 40 - 1 = 5*s. Suppose 0 = 3*c - 5*c. Let d(n) = -19*n - n**2 - 1 + c*n**2 + 2*n**2 + 12*n. Calculate d(s).
-7
Let s(c) = -9*c**2 + 13*c - 13. Let n(u) = 2*u**2 + 16 + 3*u**2 - 7*u - 9. Let h(w) = -7*n(w) - 4*s(w). Calculate h(2).
1
Let k(l) = 7*l + 8. Let b(j) = -j - 1. Let s(t) = 6*b(t) + k(t). Suppose 15 - 67 = -4*o. Suppose 4*p + o + 7 = 0. What is s(p)?
-3
Let v(q) = -q + 1. Let w(h) = -3*h + 5. Let l(m) = v(m) - w(m). Let f(o) = o. Let n(j) = -f(j) + l(j). Suppose 0 = 3*t - 0*t. What is n(t)?
-4
Let a(u) = u**2 + u + 2. Let v(q) = -4*q - 23. Let o be v(-7). Give a(o).
32
Let m(s) = 2*s - 2. Let q(g) = -g**2 + 5*g + 5. Let d be q(5). Let l(i) = i**2 - 4*i - 3. Let b be l(d). What is m(b)?
2
Let f be ((-1)/2)/((-1)/4). Let q(w) = -3*w + w - w**2 + w + f. Let c be q(0). Let t(x) = -x**3 + 2*x**2 + x + 1. What is t(c)?
3
Let w be ((-3)/1)/(6/40). Let r be 44/10 - w/(-50). Let o(x) = -x**3 + 5*x**2 - 4*x + 2. What is o(r)?
2
Let x(t) = 2*t - 12. Let l be x(4). Let o(v) = v**2 + 6*v - 2. Give o(l).
-10
Let b(d) = d**3 + 5*d**2 - 6*d - 1. Suppose -2*x - n = 16, n + 28 = -0*x - 4*x. Calculate b(x).
-1
Let s(b) = 0*b**3 - b**3 + 0 + 1 - b. Let i be 4/18 + (-720)/324. Calculate s(i).
11
Let f = 5 + -19. Let m = f + 12. Let u(b) = b**2 - 2*b - 1. Determine u(m).
7
Let y(f) = 4*f**3 - 7*f**2 - f + 3. Let l(d) = -9*d**3 + 15*d**2 + 3*d - 7. Let j(q) = 3*l(q) + 7*y(q). Give j(4).
8
Let b be 15/30*2/(-1). Let t(f) = 3*f + 1. Give t(b).
-2
Suppose -25 = 5*u, -5*k - u + 31 - 11 = 0. Let z(m) = -m**2 + 2*m + 3. Determine z(k).
-12
Let s = 18 + -19. Let m(u) = 1. Let l(b) = b + 4. Let p(q) = s*l(q) + 2*m(q). Let z = 5 + -3. Calculate p(z).
-4
Let s(f) = f**3 + 4*f**2 - 2*f + 5. Let w be 45/6*2/(-3). Calculate s(w).
-10
Let i(d) be the third derivative of -d**4/3 - d**3/2 - 3*d**2. Let g(v) = v**2 + v. Let c(r) = g(r) - i(r). Determine c(-8).
-5
Let s(h) = 5*h**2 - 3*h + h**3 + 8*h - 11*h - 9. Determine s(-6).
-9
Let v(c) = 68*c**2 - 3*c + 8. Let w(j) = -45*j**2 + 2*j - 5. Let m(g) = 5*v(g) + 8*w(g). Determine m(1).
-19
Suppose 0 = -2*a - 0*a. Let x(n) be the third derivative of 0*n - 7/60*n**5 + 0*n**4 + a*n**3 + 0 + n**2. What is x(1)?
-7
Let n be (7/(-14))/(1/(-10)). Let t(m) = -2*m + 2. Calculate t(n).
-8
Suppose y - 18 = 4*v, -6*v - 30 = -3*y - 2*v. Let d(t) = 0 - 3 - 3*t**2 + y*t**3 - t - 5*t**3. Give d(3).
-6
Suppose -3*r - 4*s + 13 = -21, -5*r + s = -26. Let y(d) = -4*d + 3*d**3 - 3 + 2*d**3 - 5*d**2 - r*d**3. Give y(-4).
-3
Let w(b) = -4*b - 19. Let a be w(-6). Let i(f) = f**2 - 7*f + 6. Determine i(a).
-4
Suppose -4*d - 5 = 11. Let j(p) be the second derivative of -p**4/12 - 5*p**3/6 + p**2 - p. Give j(d).
6
Let u(c) = -c**3 - 4*c**2 - 4*c - 3. Let o = -6 + 4. Let n(w) = -3*w - 2. Let x be n(o). Suppose 0 = x*k - 2*k + 6. Determine u(k).
0
Let g be 39/9 - (-2)/(-6). Suppose 0*o + 4 = 2*o. Let d(r) = 1 + 0*r + r**o - 3*r + 0*r**2. Calculate d(g).
5
Let l(p) = -p**3 - 6*p**2 + 4*p + 1. Let c(g) = 3*g**3 + 17*g**2 - 12*g - 3. Let z(i) = 2*i - 5. Let r be z(4). Let h(a) = r*c(a) + 8*l(a). Give h(-4).
-1
Let n(h) = 5*h**3 + h**2 - 2*h + 1. Let g be 8/(-52) + 5*(-15)/(-65). Determine n(g).
5
Let x(a) = -a - 1. Suppose -m + 5*m = 2*t - 26, -t = -5*m - 34. Calculate x(m).
6
Let t(i) = i**2 + 14*i + 15. Let h be t(-13). Let r(w) = w**2 - 3*w + 2. Determine r(h).
0
Let a(g) be the third derivative of g**4/24 - 7*g**3/6 + 2*g**2. Let m be a(6). Let p(q) be the third derivative of 7*q**4/24 + 2*q**2. What is p(m)?
-7
Suppose -4*v = v + 40. Let i(n) = n**3 + 8*n**2 + 7. Determine i(v).
7
Let n(l) = -2*l**2 - 4*l - 2. Let y be ((-16)/(-3))/((-2)/(-3)). Let h be 6/(-8) - 10/y. Calculate n(h).
-2
Let d(r) = -r**3 - 2*r**2 + 1. Let v be 2*1*(-2 - (-18)/12). Calculate d(v).
0
Let p(t) be the third derivative of -t**7/1260 + t**6/144 - t**5/15 - 7*t**2. Let d(k) be the third derivative of p(k). Determine d(4).
-11
Let y(v) be the third derivative of -3*v**5/20 + v**4/12 - v**3/6 - v**2. Suppose 3*g + 9 = 6*g. Suppose 5*w - g = 2. Calculate y(w).
-8
Let t(g) = -g**3 + 3*g**2 + 3*g - 2. Suppose 5*d - 4*a = d + 20, 5*d = -2*a - 3. Let j = 15 + -11. Suppose d = -x + j. Give t(x).
7
Let t(y) = y**2 + 6*y - 1. Let r = 11 + -8. Suppose r*o - 12 = o. Let k be ((-20)/o)/(2/3). Determine t(k).
-6
Let p(g) = -6*g - 6. Let y(b) = 7*b + 7. Let s(k) = -6*p(k) - 5*y(k). Give s(-4).
-3
Let d(f) = f. Let r be d(-6). Let v be 4/r + (-1)/3. Let h(o) = 4*o + 7. Let w(m) = -3*m - 5. Let p(j) = 2*h(j) + 3*w(j). What is p(v)?
0
Let w(u) be the first derivative of -3*u**2/2 - 6*u - 2. Let v = 2 - 6. Calculate w(v).
6
Let a = 1 - 4. Let c(y) be the second derivative of -y**3/6 + 2*y**2 + 12*y. What is c(a)?
7
Let o be (-1)/(((-4)/(-6))/2). Suppose -4 = 4*s - q, -3*s - q + 14 = -6*q. Let z(c) = -2*c - 1. Let g(b) = -b - 1. Let x(v) = s*z(v) + 5*g(v). Calculate x(o).
0
Let d be 105/(-33) - (-4)/22. Let g = d - -8. Let j = g + -7. Let a(x) = -x**3 - 3*x**2 - 3*x. What is a(j)?
2
Let i(s) = -2*s - 5. Let v(g) = -g**3 + 6*g**2 - 8*g + 10. Let z be v(5). What is i(z)?
5
Let k(u) = u*